{"id":12460,"date":"2026-01-05T08:22:53","date_gmt":"2026-01-05T12:22:53","guid":{"rendered":"https:\/\/villedebouctouche.ca\/?post_type=tribe_events&#038;p=12460"},"modified":"2026-01-12T14:32:05","modified_gmt":"2026-01-12T18:32:05","slug":"reunion-ordinaire-38","status":"publish","type":"tribe_events","link":"https:\/\/villedebouctouche.ca\/fr\/calendrier\/reunion-ordinaire-38\/","title":{"rendered":"R\u00e9union ordinaire"},"content":{"rendered":"<p><a href=\"https:\/\/villedebouctouche.ca\/wp-content\/uploads\/2026\/01\/Ordre-du-jour-reunion-ordinaire-du-13-janvier-2026-1.pdf\">Ordre du jour &#8211; r\u00e9union ordinaire du 13 janvier 2026<\/a><\/p>\n<p>Le public est invit\u00e9 \u00e0 assister \u00e0 la r\u00e9union.<\/p>\n<p>De plus, la r\u00e9union sera diffus\u00e9e en direct sur YouTube et ceux et celles qui d\u00e9sirent la visionner peuvent le faire en cliquant sur le lien suivant: <a href=\"https:\/\/www.youtube.com\/@villedebouctouche4286\/streams\">https:\/\/www.youtube.com\/@villedebouctouche4286\/streams<\/a>.<\/p>\n","protected":false},"excerpt":{"rendered":"<p>Ordre du jour &#8211; r\u00e9union ordinaire du 13 janvier 2026 Le public est invit\u00e9 \u00e0 assister \u00e0 la r\u00e9union. De plus, la r\u00e9union sera diffus\u00e9e en direct sur YouTube et [&hellip;]<\/p>\n","protected":false},"author":204542261,"featured_media":8082,"template":"","meta":{"_acf_changed":false,"inline_featured_image":false,"advanced_seo_description":"","jetpack_seo_html_title":"","jetpack_seo_noindex":false,"jetpack_seo_schema_type":"","_tribe_events_status":"","_tribe_events_status_reason":"","footnotes":""},"tags":[],"tribe_events_cat":[1401],"class_list":["post-12460","tribe_events","type-tribe_events","status-publish","has-post-thumbnail","hentry","tribe_events_cat-reunions-du-conseil","cat_reunions-du-conseil"],"acf":[],"jetpack_likes_enabled":true,"jetpack_sharing_enabled":true,"_links":{"self":[{"href":"https:\/\/villedebouctouche.ca\/fr\/wp-json\/wp\/v2\/tribe_events\/12460","targetHints":{"allow":["GET"]}}],"collection":[{"href":"https:\/\/villedebouctouche.ca\/fr\/wp-json\/wp\/v2\/tribe_events"}],"about":[{"href":"https:\/\/villedebouctouche.ca\/fr\/wp-json\/wp\/v2\/types\/tribe_events"}],"author":[{"embeddable":true,"href":"https:\/\/villedebouctouche.ca\/fr\/wp-json\/wp\/v2\/users\/204542261"}],"version-history":[{"count":3,"href":"https:\/\/villedebouctouche.ca\/fr\/wp-json\/wp\/v2\/tribe_events\/12460\/revisions"}],"predecessor-version":[{"id":12483,"href":"https:\/\/villedebouctouche.ca\/fr\/wp-json\/wp\/v2\/tribe_events\/12460\/revisions\/12483"}],"wp:featuredmedia":[{"embeddable":true,"href":"https:\/\/villedebouctouche.ca\/fr\/wp-json\/wp\/v2\/media\/8082"}],"wp:attachment":[{"href":"https:\/\/villedebouctouche.ca\/fr\/wp-json\/wp\/v2\/media?parent=12460"}],"wp:term":[{"taxonomy":"post_tag","embeddable":true,"href":"https:\/\/villedebouctouche.ca\/fr\/wp-json\/wp\/v2\/tags?post=12460"},{"taxonomy":"tribe_events_cat","embeddable":true,"href":"https:\/\/villedebouctouche.ca\/fr\/wp-json\/wp\/v2\/tribe_events_cat?post=12460"}],"curies":[{"name":"wp","href":"https:\/\/api.w.org\/{rel}","templated":true}]}}

Réunion ordinaire

<p><a href="https://villedebouctouche.ca/wp-content/uploads/2026/01/Ordre-du-jour-reunion-ordinaire-du-13-janvier-2026-1.pdf">Ordre du jour &#8211; réunion ordinaire du 13 janvier 2026</a></p>
<p>Le public est invité à assister à la réunion.</p>
<p>De plus, la réunion sera diffusée en direct sur YouTube et ceux et celles qui désirent la visionner peuvent le faire en cliquant sur le lien suivant: <a href="https://www.youtube.com/@villedebouctouche4286/streams">https://www.youtube.com/@villedebouctouche4286/streams</a>.</p>

<p>Ordre du jour &#8211; réunion ordinaire du 13 janvier 2026 Le public est invité à assister à la réunion. De plus, la réunion sera diffusée en direct sur YouTube et [&hellip;]</p>
